-7).
-4
Let u(t) be the second derivative of t**4/12 + 3*t**3/2 + 15*t**2/2 - 285*t. What is u(-4)?
-5
Let g be (-18)/6 - (-3 - 1). Let k(n) = -n**3 - 2*n - 6*n**2 + g + 0*n**3 - 3*n. Let b = 73 - 78. Give k(b).
1
Let j = 0 - 0. Let g(x) be the second derivative of -x**5/60 - 9*x**2 + 2*x. Let u(y) be the first derivative of g(y). Give u(j).
0
Let b(a) = -a**2 + 14*a + 17. Let i = 1673 - 1656. Determine b(i).
-34
Let r = -138 + 151. Let k(y) = -y**2 + 14*y - 11. Give k(r).
2
Let c(g) = -1 - g + g - 4*g + 2*g. Let q be 1/(34/(-8) - 16/(-4)). What is c(q)?
7
Let s(h) = h - 16. Let i = 625 - 629. Let v = 2 - -2. Let n = i + v. Determine s(n).
-16
Suppose 5*o - 6 = -q, -2*q + q + 5*o = 4. Let z(a) = -a**2 + a + 1. Let w(r) = -r**2 + 7*r + 6. Let g(x) = q*w(x) - 2*z(x). Give g(-5).
4
Let m(a) = a**3 + 8*a**2 + 5*a + 2. Let h(z) = -2*z**3 - 20*z**2 - 16*z + 10. Let t be h(-9). What is m(t)?
-38
Suppose 0 = 24*q + 70*q - 1410. Let r(i) = i**2 - 17*i - 1. Determine r(q).
-31
Let h(g) = -7*g**2 + 2*g - 2. Let c(m) = -m**3 + 4*m**2 - 13*m + 20. Let y be c(2). What is h(y)?
-26
Let j(v) be the second derivative of v**4/24 - 41*v**2/2 - 31*v. Let d(u) be the first derivative of j(u). Calculate d(4).
4
Let n(y) be the third derivative of -y**6/120 - 13*y**5/60 - y**4/12 - 8*y**3/3 + 109*y**2. Determine n(-13).
10
Suppose -24 - 32 = -8*z. Let l(j) = -j**3 + 8*j**2 - 8*j - 3. What is l(z)?
-10
Let c(q) = -23*q**3 + 7*q**2 + 2*q + 1. Let k(h) = 22*h**3 - 5*h**2 - h - 1. Let v(r) = -2*c(r) - 3*k(r). What is v(1)?
-19
Let l(c) be the second derivative of c**5/10 + c**4/12 - c**3/2 - 2*c**2 - 26*c + 4. Give l(-3).
-40
Let g = -1 + 8. Let o(t) = -2*t + 21. Calculate o(g).
7
Let z(a) = 2*a**2 - 19*a + 21. Let i = 70 + -65. Let m(j) = -3*j**2 + 28*j - 31. Let y(o) = i*m(o) + 7*z(o). Determine y(6).
-2
Let d(j) = -j**3 - 5*j**2 - 6*j - 4. Let l be (-50)/13 + 4/(-26). Calculate d(l).
4
Let t(i) = -2*i + 4. Suppose 0 = 22*j - 50*j + 140. Determine t(j).
-6
Let h(p) be the third derivative of p**6/120 + 5*p**5/12 - p**4/12 - 25*p**3/3 - 891*p**2. Give h(-25).
0
Suppose -2*c - 3 = -7. Let q be 1/((-8)/(-32))*2. Let p be ((2 + -3)*q)/c. Let i(n) = 4*n + 4. Calculate i(p).
-12
Let s be (80/(-12))/(10/(-15) - 0). Let v(y) = y**2 + s*y + 1 + 7*y - 24*y + 0*y**2. Determine v(7).
1
Suppose -2*c + 5*s - 8*s = -35, -3*c + 45 = 3*s. Let l(t) = -t**3 + 11*t**2 - 8*t - 4. Give l(c).
16
Suppose -4*k = 4*z - 24, -5*k + 30 = -33*z + 37*z. Let r(l) = -l + 3. Determine r(k).
-3
Let i(j) = -2*j**2. Let w be i(-1). Let a(n) be the second derivative of n**3/6 - 45*n. Determine a(w).
-2
Let j(q) be the second derivative of q**7/840 - q**6/360 - q**5/120 - q**4/24 + 14*q**3/3 - q + 16. Let v(s) be the second derivative of j(s). Calculate v(3).
14
Suppose 10 = -3*h + 7. Let i = -7 + h. Let o(r) = -4*r**3 + 5*r - 4*r + 2 + 5*r**3 + 8*r**2. Determine o(i).
-6
Let d(y) = 8*y**3 - 9*y**2 + 4*y + 15. Let z(n) = -7*n**3 + 8*n**2 - 4*n - 13. Let s(g) = -6*d(g) - 7*z(g). Calculate s(3).
22
Let c = 22 - -4. Suppose 5*i - 4*s + c + 19 = 0, -i - 30 = -5*s. Let a(o) = o**3 + 4*o**2 - 2*o + 6. Determine a(i).
-9
Let j(b) be the third derivative of -3*b**4/4 + 94*b**2. Determine j(1).
-18
Let v(c) = 31*c - 75. Let u(t) = -20*t + 51. Let p(n) = 8*u(n) + 5*v(n). Give p(7).
-2
Let y(g) = 8 - g - 2 + 2 - g. Suppose -7*h + 21 + 21 = 0. Calculate y(h).
-4
Let u be 1/6*-2*0 - -2. Let q(n) = -1 - 7 + 11*n + 3*n**2 - n - 4*n**u. Determine q(9).
1
Let y = 725 + -723. Let i(f) = -4 + 7 - 3*f - 5*f. Determine i(y).
-13
Let h(b) = -b - 1. Let q(v) be the first derivative of v**2 + 3*v - 18. Let t(k) = 4*h(k) + q(k). Calculate t(-3).
5
Let i(x) = -7*x**3 + 5*x**2 - 10*x. Let u(l) = -l**3 - l. Let y(k) = i(k) - 6*u(k). What is y(3)?
6
Let t(l) = -2*l**2 + 7. Let m = -338 + 338. Calculate t(m).
7
Let a(y) = 26*y**3 - y**2 + y - 1. Let x be a(1). Suppose x = t - 1. Let p(o) = 26*o - 1 - 53*o + t*o. Give p(-1).
0
Let f(s) be the first derivative of s**3/3 + 2*s**2 + 5*s + 98. Give f(-5).
10
Let l(t) be the first derivative of -1/120*t**5 + 6 - 1/4*t**4 + 0*t**2 + 0*t + 7/3*t**3. Let k(m) be the third derivative of l(m). Give k(0).
-6
Let q(l) = -l + 4. Let p(w) = -11*w + 9. Let j(x) = -p(x) + 6*q(x). What is j(-3)?
0
Let j(d) be the second derivative of d**4/24 - d**3/3 - 11*d**2/2 + 4*d + 2. Let y(f) be the first derivative of j(f). Determine y(4).
2
Let v(n) = 7*n + 16*n - 19*n + 2. Give v(-2).
-6
Let y(q) = -9*q**2 - 2*q + 13. Let m(j) = 11*j**2 + 3*j - 15. Let n(i) = -4*m(i) - 5*y(i). Give n(4).
3
Let i(v) = v**3 - 6*v**2 + 3*v + 3. Let h be (-9)/((-36)/328) - -4. Let x = h - 81. What is i(x)?
-7
Let p(n) = -18*n + 3. Let h be ((-45)/(-75))/((-21)/30 + 1). Calculate p(h).
-33
Suppose -4*m = -z + 7, 4*m + 2*z - z + 17 = 0. Let x(j) be the first derivative of j**3/3 + 3*j + 12. Let c(t) be the first derivative of x(t). Give c(m).
-6
Suppose 5*p = -x - 31, 3*x + 2*x = -p - 35. Let b be 11/3 + 4/(-6). Let n(g) = 9 - 7*g + b*g - 4 - g**2. Give n(x).
-7
Let d(u) = -u + 2. Let t(j) be the second derivative of j**3/2 - 7*j**2/2 + j. Let z(f) = -7*d(f) - 2*t(f). Let l = -318 - -315. Give z(l).
-3
Let g(s) be the second derivative of s**4/12 + 11*s**3/6 - 43*s**2/2 - 16*s + 3. Calculate g(-14).
-1
Let a(n) = 14*n + 1. Let q(i) be the second derivative of -7*i**3/6 - i**2/2 + 26*i. Let o(h) = -4*a(h) - 7*q(h). Calculate o(4).
-25
Let c = 341 + -335. Let k(f) = 2*f - 6. Calculate k(c).
6
Let v = 89 - 89. Let c(b) = -b**3 - b**2 - b + 8. What is c(v)?
8
Let t(v) = -v**3 + 5*v**2 - 5*v - 2. Suppose 2*s = -0*k - 3*k - 37, -2*s - 22 = 2*k. Let l be ((-12)/k)/(3/15). What is t(l)?
-6
Let i(n) = n + 1. Let q(b) = -2*b - 3. Suppose 8 = -2*s - 2*s. Let o(k) = s*q(k) - 5*i(k). Let h be o(2). Let p(w) = -w**2 + w. Determine p(h).
-2
Let r(x) = 7*x**2 - 23*x - 6. Suppose 2*n + 23 - 15 = 0. Let t(z) = -3*z**2 + 11*z + 3. Let s(u) = n*r(u) - 9*t(u). Determine s(-5).
7
Let v(u) = 7*u + 1. Let h(c) = -10*c - 3. Let z(r) = 2*h(r) + 3*v(r). Let o(q) = 2*q**2 + 6*q + 2. Let l be o(-4). Determine z(l).
7
Let h(j) = j**2 + 2*j + 0*j**2 + 3 + 0*j**2 + 0*j**2. Suppose -34 = 5*g + 3*c, 4*g + 9 = g + 2*c. Determine h(g).
18
Let r(q) be the first derivative of 25 + 8*q - 3/2*q**2. Give r(6).
-10
Let n(c) = -20*c - 18. Let b(p) = -17*p - 16. Let u(d) = -7*b(d) + 6*n(d). Calculate u(6).
-2
Let r(d) = -6*d - 4. Let q(m) = -m - 2. Let s(k) = -3*q(k) + r(k). Suppose 2*z = 5*i - 28, -z - 2*z - 29 = -i. Let g be 1/(-1 - 12/z). What is s(g)?
-7
Let v(f) = 21*f + 611. Let m be v(-29). Let g(t) = -t**3 + 2*t - 1. Determine g(m).
-5
Let o(r) = -2*r - 18. Suppose 214*c - 66 = 225*c. What is o(c)?
-6
Let j(b) = -b**3 + 4*b**2 + 3*b - 12. Let l be j(4). Let h(k) = -k**3 - k**2 + k - 15. Give h(l).
-15
Let w(m) be the first derivative of 4 + 3/2*m**2 + m. What is w(1)?
4
Let n(c) = 5*c. Let t(y) = -24*y + 3. Let s(p) = -5*n(p) - t(p). Determine s(8).
-11
Let g(s) = 2*s**2 - 3*s - 15. Let u(o) = 3*o**2 - 2*o - 22. Let z(i) = -7*g(i) + 5*u(i). Determine z(-11).
-5
Let t be 2 + ((-2)/4 - (-9)/(-6)). Let h(k) = k**3 - k**2 + 9. Give h(t).
9
Let r(u) = -u**2 + 4*u. Let t be (-4 + 26/5)*(-160)/48. Give r(t).
-32
Let c(k) = -13 + 20*k - 6*k + 2*k**2 - 3*k**2 - 7*k + 4*k. Give c(11).
-13
Let k(m) = -17*m**3 + m. Suppose -5*s + 32 = 5*g + 12, 2*s + 4*g - 18 = 0. What is k(s)?
16
Let l be (6/(-8))/((-2)/8). Let g(m) = -12*m - 4. Calculate g(l).
-40
Let z(d) be the third derivative of 0 - 6*d**2 + 0*d - 1/10*d**5 + 0*d**4 - 1/120*d**6 + 4/3*d**3. Determine z(-6).
8
Let h(s) = -s**3 - 8*s**2 - 3*s - 7. Suppose 0 = -10*t - 42 - 38. Calculate h(t).
17
Let g(u) = 4*u + 3. Let p be (4/(-3))/((-4)/(-6)). Let z be g(p). Let s(q) = -7 + 4*q + q + 8*q**3 - 7*q**3 + 6*q**2. What is s(z)?
-7
Let y be (-5 - -1 - 39/(-9))*15. Suppose -3 - y = 4*p. Let k(q) be the second derivative of q**4/12 + q**3/3 + q**2 + q. What is k(p)?
2
Let f(t) be the second derivative of t**4/6 + 5*t**3/2 + 6*t**2 - 15*t - 4. What is f(-6)?
-6
Let d(m) be the second derivative of -m**5/20 - m**4/2 + 4*m**3/3 - 3*m**2/2 - 112*m. What is d(-7)?
-10
Suppose -5*n = -5*l - 4*n - 2, 0 = -4*l - 3*n + 6. Let i be (l/(-2))/(5/(-5)). Let o(b) = 2*b - b**2 - b**3 + 3 - b + 0*b**3. Give o(i).
3
Let u be 12/9 + (-8)/(-3). Su